17941699043 composite?
False
Is 29827891645 composite?
True
Is 178154180077 a composite number?
True
Is 2102113193 a composite number?
True
Is 121565416421 composite?
True
Is 780648247 a composite number?
False
Is 224455349 a prime number?
True
Is 4261801363 composite?
False
Is 1776383299 prime?
True
Is 1124009837 a prime number?
True
Is 7443164951 a composite number?
False
Is 63785565391 composite?
True
Is 81096851911 prime?
False
Is 101685946 a composite number?
True
Is 29577407 a composite number?
True
Is 158114766293 composite?
True
Is 13654266403 prime?
False
Is 300236899 a prime number?
False
Is 2159519429 prime?
False
Is 2120566313 a prime number?
True
Is 7721983333 a composite number?
True
Is 24211511011 a composite number?
False
Is 313791270743 composite?
True
Is 60781758447 a composite number?
True
Is 18862567187 prime?
True
Is 66767295449 prime?
True
Is 421860022 a prime number?
False
Is 2145716407 prime?
False
Is 191104637 a composite number?
True
Is 26507147167 composite?
True
Is 329184041 composite?
False
Is 295551119 a prime number?
False
Is 207740633363 composite?
False
Is 5197519927 a composite number?
False
Is 41286411013 prime?
True
Is 4121125919 prime?
True
Is 98863485517 a prime number?
False
Is 266484599 composite?
True
Is 72204649787 a composite number?
False
Is 4140599693 a composite number?
True
Is 7940166631 a composite number?
False
Is 862073 prime?
False
Is 8236428241 composite?
True
Is 3145369613 prime?
True
Is 879200039 a prime number?
False
Is 44925700387 a composite number?
False
Is 32726867 a prime number?
True
Is 8844934603 composite?
False
Is 91762460203 a composite number?
False
Is 911515837 a prime number?
True
Is 2412152023 prime?
False
Is 1758448663 a prime number?
True
Is 23238610883 prime?
False
Is 1208436263 a composite number?
True
Is 2250384635 composite?
True
Is 716436449 a prime number?
True
Is 209764937 a prime number?
False
Is 699495733 a prime number?
False
Is 6634037539 prime?
True
Is 2665929469 a composite number?
True
Is 303285341 a composite number?
True
Is 20368896521 a prime number?
True
Is 617340095617 a composite number?
True
Is 273913488229 prime?
False
Is 2553519229 composite?
False
Is 399046421 prime?
True
Is 70848324037 a composite number?
True
Is 1291157039 prime?
True
Is 332212677529 composite?
False
Is 8332187257 a prime number?
True
Is 12948548731 composite?
False
Is 2982446735 composite?
True
Is 9962370113 a prime number?
False
Is 1120021055 prime?
False
Is 1780848349 prime?
False
Is 235672361 composite?
False
Is 4497145129 prime?
True
Is 53096930927 composite?
False
Is 10256454206 a prime number?
False
Is 11232577227 a prime number?
False
Is 1452315107 a composite number?
True
Is 385247593 composite?
False
Is 17577243499 prime?
True
Is 462002531 composite?
False
Is 670731959 prime?
False
Is 2289335011 a composite number?
False
Is 116448971591 a prime number?
False
Is 133972051 a composite number?
True
Is 6974058237 a prime number?
False
Is 12578675509 a prime number?
False
Is 15110254757 prime?
False
Is 944693278 a prime number?
False
Is 4049448211 a composite number?
False
Is 12140318353 composite?
False
Is 1290207209 a prime number?
True
Is 4884888823 prime?
True
Is 53496334519 a prime number?
False
Is 2305181701 a prime number?
True
Is 361419623 a prime number?
True
Is 3500501651 composite?
True
Is 110477434931 a composite number?
True
Is 479806207 prime?
True
Is 2020428827 composite?
False
Is 185119544741 composite?
False
Is 653876693 prime?
True
Is 31100607287 a prime number?
False
Is 225508141 prime?
False
Is 1746344497 a composite number?
False
Is 55452605987 prime?
False
Is 111413013051 composite?
True
Is 2197003777 a composite number?
True
Is 14647288763 a prime number?
False
Is 60264228347 prime?
True
Is 281167321 a composite number?
True
Is 7367993473 a prime number?
False
Is 60826156681 a composite number?
False
Is 21489048521 a prime number?
True
Is 2214930457 prime?
True
Is 119541441 a composite number?
True
Is 555897181 composite?
True
Is 74399413895 composite?
True
Is 394136773 a composite number?
False
Is 45012953 a composite number?
True
Is 5111816497 prime?
True
Is 748944241 composite?
False
Is 17922902287 a composite number?
False
Is 5253570913 prime?
True
Is 21428921393 prime?
False
Is 80514722909 prime?
True
Is 9542069917 a prime number?
False
Is 56744905193 a composite number?
True
Is 2436870077 prime?
True
Is 10673509267 a prime number?
True
Is 7241071821 prime?
False
Is 123592082491 prime?
True
Is 616428097 composite?
False
Is 696983843 a composite number?
False
Is 22703365799 a prime number?
False
Is 4744873763 prime?
False
Is 988807033 composite?
False
Is 479530230505 a composite number?
True
Is 4645435577 prime?
True
Is 54350946583 prime?
True
Is 32771640257 prime?
True
Is 29844839081 composite?
False
Is 2196306527 a prime number?
True
Is 2213769541 prime?
True
Is 718399691 a prime number?
True
Is 2168120173 a prime number?
True
Is 297579913 composite?
True
Is 2169695617 composite?
False
Is 114554014841 composite?
True
Is 54709491341 a prime number?
False
Is 1780158557 a composite number?
True
Is 8085148765 a prime number?
False
Is 462626209 prime?
False
Is 2538547883 a composite number?
True
Is 35185514269 a prime number?
True
Is 2420443577 composite?
False
Is 143373155239 a prime number?
True
Is 2518986853 composite?
False
Is 6338117113 composite?
True
Is 7064765909 a composite number?
False
Is 16027798231 prime?
True
Is 177301736239 prime?
True
Is 94381256603 a composite number?
True
Is 146647594 a prime number?
False
Is 13707034889 a composite number?
True
Is 594166051 prime?
False
Is 35354426309 a composite number?
True
Is 27355705049 composite?
False
Is 1246605901 a composite number?
False
Is 2148828119 prime?
False
Is 2033927083 a prime number?
True
Is 1976290739 a prime number?
False
Is 95151002203 a composite number?
True
Is 49992738443 prime?
True
Is 1128752369 prime?
True
Is 611673203 a prime number?
False
Is 369130919 a composite number?
True
Is 748320569 a composite number?
True
Is 19695463553 prime?
False
Is 4120161935 a prime number?
False
Is 84946427 composite?
False
Is 28235094969 a prime number?
False
Is 4367564813 prime?
False
Is 855925867 a composite number?
False
Is 2468995171 prime?
False
Is 1503042421 prime?
False
Is 11899598339 prime?
True
Is 7810197853 composite?
True
Is 147325946657 composite?
True
Is 10712002109 a composite number?
False
Is 8420713159 composite?
True
Is 65146322459 a prime number?
False
Is 52459976813 prime?
False
Is 2359483561 a composite number?
False
Is 2052680197 a prime number?
False
Is 882457271 prime?
True
Is 833888021 a composite number?
False
Is 12704629489 a composite number?
False
Is 57259381 a composite number?
True
Is 637724323 a composite number?
True
Is 1514645854 a prime number?
False
Is 36768416203 a prime number?
True
Is 209043983881 prime?
True
Is 4166750803 prime?
True
Is 9648324779 a prime number?
False
Is 5756250959 a composite number?
True
Is 1568320799 composite?
False
Is 15627049 a prime number?
True
Is 53047829179 composite?
False
Is 18730770557 prime?
True
Is 4560193111 a composite number?
False
Is 819189871 a composite number?
False
Is 237543233 composite?
True
Is 2694159931 prime?
False
Is 23859404197 a composite number?
False
Is 4798895851 a prime number?
True
Is 1242602597 a composite number?
False
Is 1072028981 a composite number?
False
Is 25165369 a prime number?
True
Is 51244550407 a composite number?
False
Is 85865737 a composite number?
False
Is 30119924739 a prime number?
False
Is 1475058043 a composite number?
True
Is 4807099709 a prime number?
True
Is 15832842913 prime?
True
Is 2423760301 prime?
True
Is 10952393027 composite?
False
Is 9237218027 a composite number?
False
Is 151734268997 composite?
True
Is 737503061 composite?
True
Is 9440366161 a prime number?
False
Is 146683469 a composite number?
False
Is 2895006629 a composite number?
False
Is 761805853 a composite number?
True
Is 11412161749 a composite number?
False
Is 10438576361 a prime number?
False
Is 506503369 prime?
True
Is 36181681511 prime?
True
Is 17750777383 composite?
False
Is 2579973559 composite?
True
Is 860906545 a prime number?
False
Is 17583153773 composite?
False
Is 8841380461 composite?
True